{"id":2001,"date":"2024-04-17T16:18:55","date_gmt":"2024-04-17T22:18:55","guid":{"rendered":"https:\/\/lalambeauty.com.mx\/?page_id=2001"},"modified":"2025-10-30T17:10:11","modified_gmt":"2025-10-30T23:10:11","slug":"aviso-de-privacidad","status":"publish","type":"page","link":"https:\/\/lalambeauty.com.mx\/?page_id=2001","title":{"rendered":"Aviso de privacidad"},"content":{"rendered":"\t\t<div data-elementor-type=\"wp-page\" data-elementor-id=\"2001\" class=\"elementor elementor-2001\" data-elementor-post-type=\"page\">\n\t\t\t\t\t\t<section class=\"elementor-section elementor-top-section elementor-element elementor-element-4991976 elementor-section-boxed elementor-section-height-default elementor-section-height-default\" data-id=\"4991976\" data-element_type=\"section\" data-e-type=\"section\" data-settings=\"{&quot;wdt_bg_image&quot;:{&quot;url&quot;:&quot;&quot;,&quot;id&quot;:&quot;&quot;,&quot;size&quot;:&quot;&quot;},&quot;wdt_bg_image_widescreen&quot;:{&quot;url&quot;:&quot;&quot;,&quot;id&quot;:&quot;&quot;,&quot;size&quot;:&quot;&quot;},&quot;wdt_bg_image_laptop&quot;:{&quot;url&quot;:&quot;&quot;,&quot;id&quot;:&quot;&quot;,&quot;size&quot;:&quot;&quot;},&quot;wdt_bg_image_tablet_extra&quot;:{&quot;url&quot;:&quot;&quot;,&quot;id&quot;:&quot;&quot;,&quot;size&quot;:&quot;&quot;},&quot;wdt_bg_image_tablet&quot;:{&quot;url&quot;:&quot;&quot;,&quot;id&quot;:&quot;&quot;,&quot;size&quot;:&quot;&quot;},&quot;wdt_bg_image_mobile_extra&quot;:{&quot;url&quot;:&quot;&quot;,&quot;id&quot;:&quot;&quot;,&quot;size&quot;:&quot;&quot;},&quot;wdt_bg_image_mobile&quot;:{&quot;url&quot;:&quot;&quot;,&quot;id&quot;:&quot;&quot;,&quot;size&quot;:&quot;&quot;},&quot;wdt_bg_position&quot;:&quot;center center&quot;,&quot;wdt_animation_effect&quot;:&quot;none&quot;}\">\n\t\t\t\t\t\t<div class=\"elementor-container elementor-column-gap-default\">\n\t\t\t\t\t<div class=\"elementor-column elementor-col-16 elementor-top-column elementor-element elementor-element-e629cc1\" data-id=\"e629cc1\" data-element_type=\"column\" data-e-type=\"column\">\n\t\t\t<div class=\"elementor-widget-wrap\">\n\t\t\t\t\t\t\t<\/div>\n\t\t<\/div>\n\t\t\t\t<div class=\"elementor-column elementor-col-66 elementor-top-column elementor-element elementor-element-2c8fe62\" data-id=\"2c8fe62\" data-element_type=\"column\" data-e-type=\"column\">\n\t\t\t<div class=\"elementor-widget-wrap elementor-element-populated\">\n\t\t\t\t\t\t<div class=\"elementor-element elementor-element-d5c8eee elementor-widget elementor-widget-text-editor\" data-id=\"d5c8eee\" data-element_type=\"widget\" data-e-type=\"widget\" data-settings=\"{&quot;wdt_animation_effect&quot;:&quot;none&quot;}\" data-widget_type=\"text-editor.default\">\n\t\t\t\t<div class=\"elementor-widget-container\">\n\t\t\t\t\t\t\t\t\t<p>En t\u00e9rminos de lo previsto en la Ley Federal de Protecci\u00f3n de Datos Personales en Posesi\u00f3n de los Particulares, la aportaci\u00f3n que hagas de tus datos Personales a LalamBeauty constituye la aceptaci\u00f3n de estos T\u00e9rminos y Condiciones:<\/p><p>1.- El presente Aviso tiene por objeto la protecci\u00f3n de tus datos personales, mediante su tratamiento leg\u00edtimo, controlado e informado, a efecto de garantizar su privacidad, as\u00ed como tu derecho a la autodeterminaci\u00f3n informativa.<\/p><p>2.- Conforme al art\u00edculo 3, fracci\u00f3n V, de la Ley, se entiende por Datos Personales: Cualquier informaci\u00f3n concerniente a una persona f\u00edsica identificada o identificable.<\/p><p>3.- LalamBeauty, de conformidad a lo dispuesto por la fracci\u00f3n I del art\u00edculo 16 de la Ley, ser\u00e1 el Responsable de tu informaci\u00f3n personal (Datos Personales). LalamBeauty har\u00e1 uso de los datos para fines \u00fanicamente profesionales.<\/p><p>4.- Al participar en el proceso de selecci\u00f3n, autorizas a LalamBeauty utilizar y tratar de forma automatizada tus datos personales e informaci\u00f3n suministrados, los cuales formar\u00e1n parte de nuestra base de datos con la finalidad de usarlos en forma enunciativa, m\u00e1s no limitativa para: identificarte, ubicarte, comunicarte, contactarte, enviarte informaci\u00f3n, actualizar nuestra base de datos y obtener estad\u00edsticas.<\/p><p>6.- La temporalidad del manejo de tus Datos Personales ser\u00e1 indefinida a partir de la fecha en que nos los proporciones.<\/p><p>7.- LalamBeauty, como responsable del tratamiento de tus datos personales, est\u00e1 obligada a cumplir con los principios de licitud, consentimiento, informaci\u00f3n, calidad, finalidad, lealtad, proporcionalidad y responsabilidad tutelados en la Ley; por tal motivo con fundamento en los art\u00edculos 13 y 14 de la Ley, LalamBeauty se compromete a tratar tu informaci\u00f3n con normas de confidencialidad y seguridad administrativa.<\/p><p>8.- En t\u00e9rminos de lo establecido por el art\u00edculo 22 de la Ley, tienes derecho en cualquier momento a ejercer tus derechos de acceso, rectificaci\u00f3n, cancelaci\u00f3n y oposici\u00f3n al tratamiento de tus datos personales.<\/p><p>En caso de que requieras alg\u00fan cambio deber\u00e1s enviar un correo a hola@lalam.topbrand.mx En cumplimiento al art\u00edculo 29 de la Ley, dicha solicitud deber\u00e1 contener los siguientes datos: a) Tu nombre y domicilio u otro medio para comunicarte la respuesta a tu solicitud; b) Los documentos que acrediten tu identidad o, en su caso, la representaci\u00f3n legal de la persona que realiza la solicitud a tu nombre; c) La descripci\u00f3n clara y precisa de los datos personales respecto de los que buscas ejercer alguno de los derechos mencionados en el p\u00e1rrafo anterior, y d) Cualquier otro elemento o documento que facilite la localizaci\u00f3n de tus datos personales. En caso de solicitar la rectificaci\u00f3n de datos personales, adicionalmente deber\u00e1s indicar las modificaciones a realizarse y aportar la documentaci\u00f3n que sustente tu petici\u00f3n. La respuesta a tu solicitud se te comunicar\u00e1 en un plazo de veinte d\u00edas h\u00e1biles, contados desde la fecha en que se recibi\u00f3, pudiendo ampliarse a veinte d\u00edas m\u00e1s en los casos que as\u00ed lo establezcan la Ley; a efecto de que de resultar procedente, se lleven a cabo las medidas adoptadas para cumplir con tu solicitud, mismas que se llevar\u00e1n a cabo dentro de los quince d\u00edas h\u00e1biles siguientes a la fecha en que se comunique la respuesta.<\/p><p>9.- Te sugerimos conocer y analizar el contenido de la Ley Federal de Protecci\u00f3n de Datos Personales en Posesi\u00f3n de los Particulares pues pueden generarse cambios normativos a los que estamos sujetos.<\/p><p>10.- LalamBeauty podr\u00e1 utilizar cookies durante la prestaci\u00f3n de servicios del sitio web. Las cookies son ficheros f\u00edsicos de informaci\u00f3n personal alojados en el propio terminal del usuario. El usuario tiene la posibilidad de configurar su programa navegador de manera que se impida la creaci\u00f3n de archivos cookie o se advierta de la misma.<\/p><p>11.- Si opta a abandonar nuestro sitio web a trav\u00e9s de enlaces a sitios web no pertenecientes a nuestra entidad, LalamBeauty no se har\u00e1 responsable de las pol\u00edticas de privacidad de dichos sitios web ni de las cookies que \u00e9stos puedan almacenar en el ordenador del usuario.<\/p><p style=\"text-align: right;\">\u00daltima actualizaci\u00f3n: 17\/04\/2024<\/p>\t\t\t\t\t\t\t\t<\/div>\n\t\t\t\t<\/div>\n\t\t\t\t\t<\/div>\n\t\t<\/div>\n\t\t\t\t<div class=\"elementor-column elementor-col-16 elementor-top-column elementor-element elementor-element-7ecfb87\" data-id=\"7ecfb87\" data-element_type=\"column\" data-e-type=\"column\">\n\t\t\t<div class=\"elementor-widget-wrap\">\n\t\t\t\t\t\t\t<\/div>\n\t\t<\/div>\n\t\t\t\t\t<\/div>\n\t\t<\/section>\n\t\t\t\t<\/div>\n\t\t","protected":false},"excerpt":{"rendered":"<p>En t\u00e9rminos de lo previsto en la Ley Federal de Protecci\u00f3n de Datos Personales en Posesi\u00f3n de los Particulares, la aportaci\u00f3n que hagas de tus datos Personales a LalamBeauty constituye la aceptaci\u00f3n de estos T\u00e9rminos y Condiciones: 1.- El presente Aviso tiene por objeto la protecci\u00f3n de tus datos personales, mediante su tratamiento leg\u00edtimo, controlado [&hellip;]<\/p>\n","protected":false},"author":2,"featured_media":0,"parent":0,"menu_order":0,"comment_status":"closed","ping_status":"closed","template":"","meta":{"_coblocks_attr":"","_coblocks_dimensions":"","_coblocks_responsive_height":"","_coblocks_accordion_ie_support":"","footnotes":""},"class_list":["post-2001","page","type-page","status-publish","hentry"],"aioseo_notices":[],"_links":{"self":[{"href":"https:\/\/lalambeauty.com.mx\/index.php?rest_route=\/wp\/v2\/pages\/2001","targetHints":{"allow":["GET"]}}],"collection":[{"href":"https:\/\/lalambeauty.com.mx\/index.php?rest_route=\/wp\/v2\/pages"}],"about":[{"href":"https:\/\/lalambeauty.com.mx\/index.php?rest_route=\/wp\/v2\/types\/page"}],"author":[{"embeddable":true,"href":"https:\/\/lalambeauty.com.mx\/index.php?rest_route=\/wp\/v2\/users\/2"}],"replies":[{"embeddable":true,"href":"https:\/\/lalambeauty.com.mx\/index.php?rest_route=%2Fwp%2Fv2%2Fcomments&post=2001"}],"version-history":[{"count":0,"href":"https:\/\/lalambeauty.com.mx\/index.php?rest_route=\/wp\/v2\/pages\/2001\/revisions"}],"wp:attachment":[{"href":"https:\/\/lalambeauty.com.mx\/index.php?rest_route=%2Fwp%2Fv2%2Fmedia&parent=2001"}],"curies":[{"name":"wp","href":"https:\/\/api.w.org\/{rel}","templated":true}]}}